{"id":1811,"date":"2022-03-21T18:01:54","date_gmt":"2022-03-21T18:01:54","guid":{"rendered":"https:\/\/rutosistorikai.lt\/?page_id=1811"},"modified":"2022-03-22T13:12:14","modified_gmt":"2022-03-22T13:12:14","slug":"neda","status":"publish","type":"page","link":"https:\/\/rutosistorikai.lt\/?page_id=1811","title":{"rendered":"Neda"},"content":{"rendered":"\t\t<div data-elementor-type=\"wp-page\" data-elementor-id=\"1811\" class=\"elementor elementor-1811\">\n\t\t\t\t\t\t<section class=\"has_eae_slider elementor-section elementor-top-section elementor-element elementor-element-b3801a8 elementor-section-boxed elementor-section-height-default elementor-section-height-default\" data-eae-slider=\"47622\" data-id=\"b3801a8\" data-element_type=\"section\" data-e-type=\"section\">\n\t\t\t\t\t\t<div class=\"elementor-container elementor-column-gap-default\">\n\t\t\t\t\t<div class=\"has_eae_slider elementor-column elementor-col-100 elementor-top-column elementor-element elementor-element-7beae2f\" data-eae-slider=\"3457\" data-id=\"7beae2f\" data-element_type=\"column\" data-e-type=\"column\">\n\t\t\t<div class=\"elementor-widget-wrap elementor-element-populated\">\n\t\t\t\t\t\t<div class=\"elementor-element elementor-element-4975416 elementor-widget elementor-widget-spacer\" data-id=\"4975416\" data-element_type=\"widget\" data-e-type=\"widget\" data-widget_type=\"spacer.default\">\n\t\t\t\t<div class=\"elementor-widget-container\">\n\t\t\t\t\t\t\t<div class=\"elementor-spacer\">\n\t\t\t<div class=\"elementor-spacer-inner\"><\/div>\n\t\t<\/div>\n\t\t\t\t\t\t<\/div>\n\t\t\t\t<\/div>\n\t\t\t\t<div class=\"elementor-element elementor-element-9c0c0eb elementor-widget elementor-widget-text-editor\" data-id=\"9c0c0eb\" data-element_type=\"widget\" data-e-type=\"widget\" data-widget_type=\"text-editor.default\">\n\t\t\t\t<div class=\"elementor-widget-container\">\n\t\t\t\t\t\t\t\t\t<p>Neda Kuncevi\u010di\u016bt\u0117\u00a0<\/p><p>&#8220;Kosmoso mistika&#8221;<\/p>\t\t\t\t\t\t\t\t<\/div>\n\t\t\t\t<\/div>\n\t\t\t\t<div class=\"elementor-element elementor-element-b1479a4 elementor-arrows-position-inside elementor-pagination-position-outside elementor-widget elementor-widget-image-carousel\" data-id=\"b1479a4\" data-element_type=\"widget\" data-e-type=\"widget\" data-settings=\"{&quot;slides_to_show&quot;:&quot;4&quot;,&quot;navigation&quot;:&quot;both&quot;,&quot;autoplay&quot;:&quot;yes&quot;,&quot;pause_on_hover&quot;:&quot;yes&quot;,&quot;pause_on_interaction&quot;:&quot;yes&quot;,&quot;autoplay_speed&quot;:5000,&quot;infinite&quot;:&quot;yes&quot;,&quot;speed&quot;:500,&quot;image_spacing_custom&quot;:{&quot;unit&quot;:&quot;px&quot;,&quot;size&quot;:20,&quot;sizes&quot;:[]},&quot;image_spacing_custom_tablet&quot;:{&quot;unit&quot;:&quot;px&quot;,&quot;size&quot;:&quot;&quot;,&quot;sizes&quot;:[]},&quot;image_spacing_custom_mobile&quot;:{&quot;unit&quot;:&quot;px&quot;,&quot;size&quot;:&quot;&quot;,&quot;sizes&quot;:[]}}\" data-widget_type=\"image-carousel.default\">\n\t\t\t\t<div class=\"elementor-widget-container\">\n\t\t\t\t\t\t\t<div class=\"elementor-image-carousel-wrapper swiper\" role=\"region\" aria-roledescription=\"carousel\" aria-label=\"Image Carousel\" dir=\"ltr\">\n\t\t\t<div class=\"elementor-image-carousel swiper-wrapper\" aria-live=\"off\">\n\t\t\t\t\t\t\t\t<div class=\"swiper-slide\" role=\"group\" aria-roledescription=\"slide\" aria-label=\"1 of 5\"><figure class=\"swiper-slide-inner\"><img decoding=\"async\" class=\"swiper-slide-image\" src=\"https:\/\/rutosistorikai.lt\/wp-content\/uploads\/2022\/03\/20220317_122226-768x1024.jpg\" alt=\"20220317_122226\" \/><\/figure><\/div><div class=\"swiper-slide\" role=\"group\" aria-roledescription=\"slide\" aria-label=\"2 of 5\"><figure class=\"swiper-slide-inner\"><img decoding=\"async\" class=\"swiper-slide-image\" src=\"https:\/\/rutosistorikai.lt\/wp-content\/uploads\/2022\/03\/20220317_122144-768x1024.jpg\" alt=\"20220317_122144\" \/><\/figure><\/div><div class=\"swiper-slide\" role=\"group\" aria-roledescription=\"slide\" aria-label=\"3 of 5\"><figure class=\"swiper-slide-inner\"><img decoding=\"async\" class=\"swiper-slide-image\" src=\"https:\/\/rutosistorikai.lt\/wp-content\/uploads\/2022\/03\/20220317_122213-768x1024.jpg\" alt=\"20220317_122213\" \/><\/figure><\/div><div class=\"swiper-slide\" role=\"group\" aria-roledescription=\"slide\" aria-label=\"4 of 5\"><figure class=\"swiper-slide-inner\"><img decoding=\"async\" class=\"swiper-slide-image\" src=\"https:\/\/rutosistorikai.lt\/wp-content\/uploads\/2022\/03\/20220317_122156-768x1024.jpg\" alt=\"20220317_122156\" \/><\/figure><\/div><div class=\"swiper-slide\" role=\"group\" aria-roledescription=\"slide\" aria-label=\"5 of 5\"><figure class=\"swiper-slide-inner\"><img decoding=\"async\" class=\"swiper-slide-image\" src=\"https:\/\/rutosistorikai.lt\/wp-content\/uploads\/2022\/03\/20220317_122236-768x1024.jpg\" alt=\"20220317_122236\" \/><\/figure><\/div>\t\t\t<\/div>\n\t\t\t\t\t\t\t\t\t\t\t\t<div class=\"elementor-swiper-button elementor-swiper-button-prev\" role=\"button\" tabindex=\"0\">\n\t\t\t\t\t\t<i aria-hidden=\"true\" class=\"eicon-chevron-left\"><\/i>\t\t\t\t\t<\/div>\n\t\t\t\t\t<div class=\"elementor-swiper-button elementor-swiper-button-next\" role=\"button\" tabindex=\"0\">\n\t\t\t\t\t\t<i aria-hidden=\"true\" class=\"eicon-chevron-right\"><\/i>\t\t\t\t\t<\/div>\n\t\t\t\t\n\t\t\t\t\t\t\t\t\t<div class=\"swiper-pagination\"><\/div>\n\t\t\t\t\t\t\t\t\t<\/div>\n\t\t\t\t\t\t<\/div>\n\t\t\t\t<\/div>\n\t\t\t\t<div class=\"elementor-element elementor-element-b1dee3f elementor-widget elementor-widget-text-editor\" data-id=\"b1dee3f\" data-element_type=\"widget\" data-e-type=\"widget\" data-widget_type=\"text-editor.default\">\n\t\t\t\t<div class=\"elementor-widget-container\">\n\t\t\t\t\t\t\t\t\t<p>Nuo pat to momento, kai atmerkiame akis, stebime dang\u0173 ir gro\u017eim\u0117s jo begalybe, didybe.<\/p><p>Jau nuo sen\u0173 senov\u0117s \u017emogus band\u0117 tyrin\u0117ti ir sp\u0117lioti, kas ten auk\u0161tai ir toli. \u012evairi\u0173 sri\u010di\u0173 m\u0105stytojai svarst\u0117, atrado, steb\u0117jo ir apra\u0161in\u0117jo. Buvo kuriamos teorijos (pvz., \u017dem\u0117 plok\u0161\u010dia, laikosi ant titan\u0173 nugar\u0173, o danguje ant debesies ilsisi dievai).<\/p><p>Renesansas atne\u0161\u0117 ne tik Antikos kult\u016bros atgaivinim\u0105, humanizm\u0105, bet ir Koperniko, Bruno, Keplerio ir Galileo Galil\u0117jaus darbus. Buvo \u012frodyta, kad \u017dem\u0117 apvali (Magelanas apiplauk\u0117 aplink), kad pasaulio centre ne \u017dem\u0117, o Saul\u0117 (Heliocentrin\u0117 teorija paneig\u0117 anks\u010diau vyravus\u012f Geocentrizm\u0105), patobulintas teleskopas, atrasti Jupiterio palydovai ir dar daug kit\u0173 pasaul\u0117\u017ei\u016br\u0105 sudrebinusi\u0173 dalyk\u0173.<\/p><p>\u0160iandien, kaip ir anks\u010diau, \u017emogus \u017evelgia \u012f dang\u0173, kurio dalel\u0119 jau pa\u017e\u012fstame, ta\u010diau\u2026 kiek daug jo dar liko\u2026Tod\u0117l savo darb\u0105 nusprend\u017eiau pavadinti \u2013 \u201eKosmoso mistika\u201c.<\/p><p>\u00a0Darbe vaizduojamas Galilejo Galil\u0117jaus veido \u012fspaudas, kur\u012f supa \u012fvair\u016bs dangaus k\u016bnai. \u0160is meno k\u016brinys pabr\u0117\u017eia, koks svarbus buvo ital\u0173 kilm\u0117s astronomo, matematiko, fiziko, filosofo vaidmuo tiriant kosminius objektus. Vieni did\u017eiausi\u0173 jo darb\u0173 \u2013 1609 m. sukonstruotas pirmasis teleskopas (<em>patobulintas anks\u010diau naudotas arabi\u0161kas<\/em>), kurio pagalba jis \u012frodo Koperniko Heliocentrin\u0119 teorij\u0105, stebi Saul\u0117s demes ir j\u0173 aktyvum\u0105, Menulio kraterius, kalnus ir sl\u0117nius, atranda keturis Jupiterio palydovus (<em>Ganimedas, Kalista, Ijo ir Europa<\/em>), i\u0161tyria laisv\u0105j\u012f k\u016bn\u0173 kritim\u0105, nustato inercijos d\u0117sn\u012f ir t.t.<\/p><p>Deja, to meto \u017emon\u0117s \u012f \u0161\u012f mokslinink\u0105 \u017ei\u016br\u0117jo skepti\u0161kai, nes jo atradimai neig\u0117 \u017eymaus filosofo Aristotelio teiginius. U\u017e tai 1632 m. jam teko stoti prie\u0161 inkvizicijos teism\u0105. G. Galil\u0117jus buvo priverstas paneigti visas savo teorijas ir atradimus. Inkvizicija jam paskyr\u0117 nam\u0173 are\u0161t\u0105 iki gyvos galvos (mir\u0117 1642 m.).<\/p>\t\t\t\t\t\t\t\t<\/div>\n\t\t\t\t<\/div>\n\t\t\t\t\t<\/div>\n\t\t<\/div>\n\t\t\t\t\t<\/div>\n\t\t<\/section>\n\t\t\t\t<\/div>\n\t\t","protected":false},"excerpt":{"rendered":"<p>Neda Kuncevi\u010di\u016bt\u0117\u00a0 &#8220;Kosmoso mistika&#8221; Previous Next Nuo pat to momento, kai atmerkiame akis, stebime dang\u0173 ir gro\u017eim\u0117s jo begalybe, didybe. Jau nuo sen\u0173 senov\u0117s \u017emogus band\u0117 tyrin\u0117ti ir sp\u0117lioti, kas ten auk\u0161tai ir toli. \u012evairi\u0173 sri\u010di\u0173 m\u0105stytojai svarst\u0117, atrado, steb\u0117jo ir apra\u0161in\u0117jo. Buvo kuriamos teorijos (pvz., \u017dem\u0117 plok\u0161\u010dia, laikosi ant titan\u0173 nugar\u0173, o danguje ant [&hellip;]<\/p>\n","protected":false},"author":1,"featured_media":0,"parent":1709,"menu_order":0,"comment_status":"closed","ping_status":"closed","template":"","meta":{"site-sidebar-layout":"no-sidebar","site-content-layout":"page-builder","ast-site-content-layout":"default","site-content-style":"default","site-sidebar-style":"default","ast-global-header-display":"","ast-banner-title-visibility":"","ast-main-header-display":"","ast-hfb-above-header-display":"","ast-hfb-below-header-display":"","ast-hfb-mobile-header-display":"","site-post-title":"disabled","ast-breadcrumbs-content":"","ast-featured-img":"disabled","footer-sml-layout":"","ast-disable-related-posts":"","theme-transparent-header-meta":"default","adv-header-id-meta":"","stick-header-meta":"","header-above-stick-meta":"","header-main-stick-meta":"","header-below-stick-meta":"","astra-migrate-meta-layouts":"default","ast-page-background-enabled":"default","ast-page-background-meta":{"desktop":{"background-color":"","background-image":"","background-repeat":"repeat","background-position":"center center","background-size":"auto","background-attachment":"scroll","background-type":"","background-media":"","overlay-type":"","overlay-color":"","overlay-opacity":"","overlay-gradient":""},"tablet":{"background-color":"","background-image":"","background-repeat":"repeat","background-position":"center center","background-size":"auto","background-attachment":"scroll","background-type":"","background-media":"","overlay-type":"","overlay-color":"","overlay-opacity":"","overlay-gradient":""},"mobile":{"background-color":"","background-image":"","background-repeat":"repeat","background-position":"center center","background-size":"auto","background-attachment":"scroll","background-type":"","background-media":"","overlay-type":"","overlay-color":"","overlay-opacity":"","overlay-gradient":""}},"ast-content-background-meta":{"desktop":{"background-color":"var(--ast-global-color-5)","background-image":"","background-repeat":"repeat","background-position":"center center","background-size":"auto","background-attachment":"scroll","background-type":"","background-media":"","overlay-type":"","overlay-color":"","overlay-opacity":"","overlay-gradient":""},"tablet":{"background-color":"var(--ast-global-color-5)","background-image":"","background-repeat":"repeat","background-position":"center center","background-size":"auto","background-attachment":"scroll","background-type":"","background-media":"","overlay-type":"","overlay-color":"","overlay-opacity":"","overlay-gradient":""},"mobile":{"background-color":"var(--ast-global-color-5)","background-image":"","background-repeat":"repeat","background-position":"center center","background-size":"auto","background-attachment":"scroll","background-type":"","background-media":"","overlay-type":"","overlay-color":"","overlay-opacity":"","overlay-gradient":""}},"footnotes":""},"class_list":["post-1811","page","type-page","status-publish","hentry"],"_links":{"self":[{"href":"https:\/\/rutosistorikai.lt\/index.php?rest_route=\/wp\/v2\/pages\/1811","targetHints":{"allow":["GET"]}}],"collection":[{"href":"https:\/\/rutosistorikai.lt\/index.php?rest_route=\/wp\/v2\/pages"}],"about":[{"href":"https:\/\/rutosistorikai.lt\/index.php?rest_route=\/wp\/v2\/types\/page"}],"author":[{"embeddable":true,"href":"https:\/\/rutosistorikai.lt\/index.php?rest_route=\/wp\/v2\/users\/1"}],"replies":[{"embeddable":true,"href":"https:\/\/rutosistorikai.lt\/index.php?rest_route=%2Fwp%2Fv2%2Fcomments&post=1811"}],"version-history":[{"count":11,"href":"https:\/\/rutosistorikai.lt\/index.php?rest_route=\/wp\/v2\/pages\/1811\/revisions"}],"predecessor-version":[{"id":1914,"href":"https:\/\/rutosistorikai.lt\/index.php?rest_route=\/wp\/v2\/pages\/1811\/revisions\/1914"}],"up":[{"embeddable":true,"href":"https:\/\/rutosistorikai.lt\/index.php?rest_route=\/wp\/v2\/pages\/1709"}],"wp:attachment":[{"href":"https:\/\/rutosistorikai.lt\/index.php?rest_route=%2Fwp%2Fv2%2Fmedia&parent=1811"}],"curies":[{"name":"wp","href":"https:\/\/api.w.org\/{rel}","templated":true}]}}